6752 and 72160?
32
What is the highest common factor of 540 and 8269785?
45
What is the greatest common factor of 15964 and 26260?
52
Calculate the highest common factor of 810978 and 3738.
42
What is the highest common divisor of 24 and 187400724?
12
Calculate the greatest common factor of 6610757 and 1366.
683
Calculate the greatest common factor of 219240 and 4669.
203
What is the highest common factor of 36388 and 4186274?
1654
Calculate the highest common divisor of 42 and 203261562.
42
What is the highest common factor of 140212815 and 60?
15
Calculate the greatest common divisor of 1920 and 1915440.
240
Calculate the greatest common divisor of 10868 and 17908176.
572
Calculate the greatest common divisor of 963966 and 14574.
2082
Calculate the greatest common factor of 41201049 and 3812.
953
What is the highest common factor of 6843312 and 1456?
112
Calculate the highest common factor of 48 and 101277136.
16
What is the greatest common factor of 923528 and 10184?
536
What is the highest common divisor of 5460 and 2978890?
10
What is the greatest common factor of 1736 and 18956?
28
What is the highest common divisor of 1068 and 1074?
6
Calculate the greatest common factor of 8948 and 130777257.
2237
What is the highest common divisor of 40082426 and 2?
2
Calculate the greatest common factor of 25445 and 36935235.
3635
What is the highest common factor of 5341869 and 12312?
1539
Calculate the greatest common factor of 508 and 4146931.
127
Calculate the highest common divisor of 7227121 and 1434.
239
Calculate the highest common divisor of 3172 and 36515332.
244
Calculate the highest common divisor of 22 and 1241134906.
22
Calculate the greatest common factor of 5656337 and 10464.
109
What is the highest common factor of 7465 and 20743742?
1493
Calculate the highest common factor of 660 and 207020.
220
Calculate the highest common divisor of 669 and 3307313.
223
What is the greatest common factor of 634 and 44062?
2
Calculate the highest common divisor of 265936975 and 50.
25
What is the highest common divisor of 155 and 213441665?
155
What is the highest common divisor of 74539192 and 5880?
392
Calculate the greatest common divisor of 25890 and 1440.
30
Calculate the greatest common divisor of 7221393 and 135.
27
Calculate the highest common factor of 64725138 and 102834.
3546
What is the highest common factor of 1788964 and 167884?
76
What is the greatest common divisor of 2870148 and 12?
12
Calculate the highest common factor of 196672 and 883268.
1756
Calculate the highest common factor of 5940 and 2298.
6
What is the greatest common factor of 8685 and 3157425?
45
Calculate the greatest common factor of 756 and 166376700.
756
Calculate the greatest common divisor of 8064 and 631911.
21
Calculate the highest common divisor of 3199330 and 442240.
6910
Calculate the highest common factor of 49301256 and 495792.
7512
What is the greatest common factor of 649927344 and 698?
698
What is the highest common divisor of 152620 and 108212?
52
Calculate the greatest common divisor of 59046 and 31044.
78
Calculate the greatest common factor of 2968 and 30443.
7
Calculate the highest common factor of 59433759 and 5699.
139
Calculate the greatest common factor of 58538 and 50.
2
What is the highest common divisor of 1064 and 171397898?
266
What is the greatest common factor of 392 and 14140616?
392
Calculate the highest common divisor of 4209126 and 135042.
1902
What is the greatest common divisor of 3793 and 1724847785?
3793
Calculate the greatest common divisor of 149081220 and 5244.
228
Calculate the greatest common factor of 58059309 and 219.
219
Calculate the greatest common factor of 1623 and 53228449.
541
What is the highest common divisor of 18912817 and 189?
7
What is the greatest common factor of 671636 and 78421?
119
What is the highest common divisor of 76 and 176989617?
19
What is the highest common factor of 25 and 1351823800?
25
What is the greatest common divisor of 12104 and 14038504?
712
What is the highest common factor of 2903907 and 2337?
123
What is the highest common factor of 117241260 and 7080?
3540
What is the highest common factor of 31242 and 126746?
254
Calculate the greatest common factor of 228 and 30621336.
12
Calculate the highest common factor of 473580 and 1920.
60
What is the greatest common divisor of 10086 and 12426?
6
What is the highest common divisor of 130260 and 1905804?
2004
What is the highest common divisor of 61864 and 45520200?
1672
Calculate the highest common divisor of 912 and 330163.
19
Calculate the highest common divisor of 15552 and 7245288.
1944
What is the greatest common divisor of 371456 and 3232?
32
What is the greatest common divisor of 3546520501 and 799?
799
Calculate the highest common factor of 1189 and 12758093.
41
What is the highest common divisor of 179930 and 874?
38
What is the greatest common divisor of 4233 and 73206?
249
Calculate the greatest common factor of 150 and 117250450.
50
What is the highest common factor of 26345 and 3997895?
55
What is the highest common factor of 182 and 465428222?
14
What is the highest common factor of 132121 and 20350?
11
Calculate the greatest common divisor of 103 and 7400447.
103
What is the greatest common factor of 228708 and 612?
36
Calculate the highest common factor of 196213 and 22001.
449
What is the highest common divisor of 31683069 and 1782?
891
Calculate the highest common divisor of 232 and 23867.
29
Calculate the highest common factor of 119 and 2898945.
7
What is the greatest common divisor of 101732607 and 8676?
2169
What is the greatest common divisor of 21 and 484680504?
21
What is the highest common factor of 89793 and 71973?
99
Calculate the greatest common divisor of 613250 and 45.
5
Calculate the greatest common factor of 4799430 and 430.
10
What is the greatest common divisor of 14760779 and 4595239?
10373
What is the greatest common factor of 1318878 and 1719?
9
Calculate the highest common divisor of 2563 and 421619.
11
Calculate the greatest common factor of 3095104 and 144.
16
Calculate the highest common factor of 5421 and 43396356.
417
Calculate the highest common divisor of 216 and 1114677.
9
Calculate the highest common divisor of 3361676561 and 758.
379
What is the greatest common divisor of 20539589 and 389?
389
What is the highest common divisor of 4 and 39363242?
2
Calculate the highest common factor of 426 and 1027228.
142
Calculate the greatest common factor of 1684195149 and 8099.
8099
What is the highest common factor of 4803396 and 33795?
2253
Calculate the greatest common factor of 43160260 and 858.
286
Calculate the greatest common divisor of 36395 and 1721440.
145
What is the highest common factor of 940 and 4982470?
470
What is the highest common divisor of 35068512 and 4800?
96
Calculate the highest common factor of 6365 and 587255.
335
What is the highest common divisor of 88131 and 60465?
87
Calculate the highest common divisor of 5142 and 39386863.
857
What is the greatest common factor of 25491379 and 8656?
541
What is the highest common divisor of 16406 and 43082?
26
What is the greatest common divisor of 2 and 3697123?
1
What is the greatest common divisor of 17628 and 1464684?
156
What is the highest common divisor of 12108500 and 12900?
100
What is the highest common factor of 28566 and 957258?
54
Calculate the greatest common divisor of 8648 and 955296.
8
Calculate the highest common factor of 10540005 and 805.
35
What is the greatest common factor of 22 and 70820629?
11
Calculate the highest common factor of 33 and 23409573.
33
Calculate the highest common divisor of 2532 and 26343772.
844
What is the greatest common factor of 12860911 and 7?
7
What is the highest common factor of 7942 and 488583898?
7942
What is the highest common factor of 232813 and 24551457?
2947
Calculate the highest common divisor of 28025283 and 286.
143
Calculate the greatest common divisor of 2961 and 7010379.
423
Calculate the highest common factor of 99968 and 4803150.
1562
Calculate the highest common divisor of 47 and 931688.
1
What is the greatest common divisor of 814 and 498982?
814
What is the highest common factor of 3746 and 694?
2
What is the greatest common divisor of 27351 and 746631?
27
What is 